t of x(11)?
7
Suppose 4*a + 0*d + d = 117, -130 = -5*a + 2*d. What is the units digit of a?
8
Let i = 46 + -20. Suppose i = 4*y - 2*y. What is the tens digit of y?
1
Let y(n) = -n**3 - 9*n**2 - 12*n - 2. Let o be y(-8). Let t = o - 9. Let c = t - 11. What is the tens digit of c?
1
Let o(q) = 0*q - 2*q**2 + 6*q - q - 3 - 3*q + q**3. What is the units digit of o(3)?
2
Let k(f) = f + 16. Let i be k(-12). What is the units digit of 15/12 - 1/i?
1
Suppose 3*k = -3*s - 87, -2*k - 4*s - 55 = -s. Let h = -23 - k. What is the units digit of h?
9
Suppose -3*v + 4*w = 9, -8 = 2*v - 7*v - w. Let o(a) = 1 - v - 3*a. What is the units digit of o(-2)?
6
Let t = 7 - -60. Let z = -45 + t. What is the units digit of z?
2
Let w(m) = -m**2 + 8*m - 6. Let h be w(7). Let z be 3 - 6 - h*-2. What is the tens digit of z - (-40 + 1)/3?
1
Suppose -j + 128 = 3*j. What is the units digit of j?
2
Suppose -h + 54 = 2*g - 3*g, -h + 50 = 3*g. What is the units digit of h?
3
Suppose 0 = -3*l + 5*y - 4*y + 336, -4*l + 4*y = -448. What is the tens digit of l?
1
Suppose z - 7 = 3*g, 3*z - 48 + 15 = 3*g. What is the units digit of z?
3
Let c = -5 - -30. Let r = -13 + c. What is the tens digit of r?
1
Let m(n) = 5*n**2 + 6*n + n**2 - 4*n**2. What is the units digit of m(-4)?
8
Suppose 10*z = 5*z + 415. What is the tens digit of z?
8
What is the hundreds digit of 4 + -8 + (260 - -1)?
2
Let n(v) be the first derivative of 2*v**3 - v**2 + v - 2. What is the units digit of n(1)?
5
Let q = -3 + 5. What is the units digit of 6/(-9)*(-138)/q?
6
Suppose -4*s + 3*g + 12 = 2*g, 0 = 4*s + 4*g - 32. Suppose -m + 4*m = s*i - 76, 84 = 5*i - m. What is the tens digit of i?
1
Let t = -55 + 57. What is the units digit of t?
2
Suppose 4*w - 2*w = -5*q - 248, -3*w - 4*q = 386. Let z = w - -189. What is the tens digit of z?
5
Suppose 3*o = 5*c - 393, 0*c = 4*c - 2*o - 314. What is the tens digit of c?
7
Suppose 2*q = -3*q - 2*h + 20, 8 = 2*q + 5*h. Suppose 0*i + i - 1 = 2*k, i + 5 = q*k. Suppose 5*r = 42 - i. What is the units digit of r?
7
Suppose -98 = -5*s + 222. What is the units digit of s?
4
Let i(a) = -a - 1. Let m be i(-6). Let z = 5 + m. What is the tens digit of z?
1
Suppose -4*t - 5*y - 8 = 0, 2*t - 45 + 19 = 5*y. Suppose -u = -t*v + 22 + 1, v - 5*u = 3. Let p(x) = x - 4. What is the units digit of p(v)?
4
Let m(c) = -2*c - 4. Let s be m(-3). Suppose 0*b + 8 = 2*w - s*b, 0 = -b. Suppose w*n - 28 = 2*j, -3*j = -n + 2*j + 25. What is the units digit of n?
5
Let a(g) = -g + 12. Let y be a(0). Suppose -m - 2*b = -b - 3, -y = 3*b. Let h = -2 + m. What is the units digit of h?
5
Let g = 16 + 8. What is the units digit of g?
4
Let d(w) = 5*w - 18. What is the units digit of d(8)?
2
Suppose -5*w + r = -0*r - 120, 3*w = -5*r + 72. What is the tens digit of w?
2
Let g(i) = i**3 + 6*i**2 - i + 6. Let a(q) = -10*q - 2. Let l(z) = -15*z - 3. Let c(s) = -7*a(s) + 5*l(s). Let b be c(1). What is the units digit of g(b)?
2
Let m be -82*(-3 + (-14)/(-4)). Let w = m + 60. What is the units digit of w?
9
Let q be (-20)/6*(-105)/14. Suppose 0*b + q = b. Suppose 3*f + 2*f - b = 0. What is the units digit of f?
5
Let i(b) = b**3 + 9*b**2 + 8*b + 10. Let g be i(-7). Suppose -17 = 5*m - g. What is the units digit of m?
7
Suppose 3*t = 2*t. Suppose -2*x - 2*x + 16 = t, -m = x - 6. Suppose -3*h = -3*i - 2 + 11, i - 1 = m*h. What is the units digit of h?
2
Let y(g) be the third derivative of g**6/120 - g**5/10 + 7*g**4/24 - g**3/6 + 2*g**2. What is the units digit of y(5)?
9
Suppose 1279 = 8*w + 279. What is the hundreds digit of w?
1
Let p be (1/3)/(1/3). Suppose -d - p = -3. What is the units digit of d + 0 + 0 + -1?
1
Let x(m) = -5*m. Let q be x(-3). Let f(y) = -y**2 + 19*y - 12. What is the units digit of f(q)?
8
Let l = 4 + 0. Suppose 4*z + l*t = 0, 2*t + 16 = z + 4. What is the units digit of z?
4
Suppose -5*t + 2*c + 0*c = 0, -2*t = -3*c + 11. Suppose t*f - 6 + 0 = 0. What is the units digit of 4*(f/6 - -1)?
6
Suppose 0*s - 520 = -5*s. What is the units digit of s?
4
Suppose 3*c - 4*c = -9. Suppose 48 + c = 3*o. What is the units digit of o?
9
Let o(u) = 2*u + 11. What is the units digit of o(-4)?
3
Let v(a) = 2*a + 1. Let k be v(-5). What is the units digit of (-12)/k*6*1?
8
Suppose -10 = -5*f, 0 = l + f - 14 + 3. What is the tens digit of (58/(-3))/((-6)/l)?
2
Suppose 3*l - 14 = 25. Let n = -9 + l. Suppose n*t + 0*j - 4*j - 28 = 0, 0 = -5*j + 15. What is the units digit of t?
0
Suppose 2*y + 710 = 7*y. What is the tens digit of y?
4
What is the units digit of 7/((-3)/6*-2)?
7
Let k(y) = -y**3 - 13*y**2 - 11*y - 10. Let j be k(-12). Let x = -9 - j. Let m = x + -7. What is the units digit of m?
6
Suppose 12 = -3*d + 84. What is the tens digit of d?
2
Suppose -4*s + 5*w = -7 - 2, 2*w = -5*s + 3. Let d(t) = 10*t - 9. Let b(q) = 5*q - 5. Let m(x) = -11*b(x) + 6*d(x). What is the units digit of m(s)?
6
Suppose b = 1 - 7. Let o = b - -13. What is the units digit of o?
7
Let b(m) be the third derivative of -m**4/12 - 5*m**3/6 + m**2. Let t be b(-6). Suppose 2*l = 5 + t. What is the units digit of l?
6
Let v(g) = -6*g**3 + 2*g**2 - g + 1. What is the units digit of v(-2)?
9
Let d = 37 - 26. What is the units digit of d?
1
Suppose h - 10 = -3. Suppose -h*w + 3*w + 8 = 0. What is the units digit of w?
2
Let k be (20/5)/((-2)/(-13)). Suppose 0 = -4*v - 6 + k. Suppose -5*n + d + 18 = 5*d, -2*n - 3 = v*d. What is the units digit of n?
6
Suppose 4*u - 42 = 198. What is the tens digit of u?
6
Let r(g) = g**2 - 3. What is the units digit of r(-7)?
6
Suppose -v - 2 = -11. What is the units digit of v?
9
Suppose -5*w + 4*s = -36, -2 = -s - 1. Suppose w = 3*c + c. What is the units digit of c?
2
Let c = -44 - -77. Suppose -3*t = -3*d - c, 0*d + 3*d = 2*t - 19. What is the tens digit of t?
1
Suppose -5*v + 3*v - 36 = 0. Let z = -16 - v. What is the units digit of z?
2
Let t = -131 - -275. What is the hundreds digit of t?
1
Let j be 2 + -2 - (-1 - 1). Suppose j*d - g + 6 = 3*g, 2*g = 2*d + 2. Let q = d + 6. What is the units digit of q?
7
Suppose 2*h + 15 = 5*h. Let o = 17 - h. What is the tens digit of o?
1
Let u = -25 + 38. What is the units digit of u?
3
Suppose -p + 0*q = -2*q, 0 = 5*p + 3*q. Let o be 1 + (p - 6/(-3)). Let v(l) = 5*l - 4. What is the tens digit of v(o)?
1
What is the units digit of ((-4)/(-10))/((-8)/(-40))?
2
Let i(l) = 3*l**3 - l**2 + l. Let w be i(1). What is the units digit of 3 - (0/(-2))/w?
3
Let p(j) = j + 3. Let m(y) = 2*y + 6. Let q(z) = z**3 - 13*z**2 + z - 7. Let h be q(13). Let n(t) = h*m(t) - 11*p(t). What is the units digit of n(-2)?
1
Let k be (4/(-1))/(2/(-5)). Suppose 28 = 3*h + 4*h. What is the units digit of 18*(k/h - 2)?
9
Let a(y) = -y**2 - 15*y + 10. What is the tens digit of a(-12)?
4
Let f be (-6)/((-2)/2 - 0). Suppose h = -0*h + f. What is the units digit of h?
6
Let g(n) = 7*n - 60. What is the tens digit of g(13)?
3
Let g(d) = -d**3 - 6*d**2 - 5*d + 3. What is the tens digit of g(-6)?
3
Suppose 2*w - 66 = -3*t + t, -3*t - w + 93 = 0. Let u = t + -7. What is the units digit of u?
3
Suppose -4*o - 2*l + 4*l - 72 = 0, -2*o - 32 = l. Let j = -1 - o. What is the tens digit of j?
1
Suppose 2*f + 4*w - 10 = 2, -2*f - 3*w + 8 = 0. What is the units digit of (-10)/(-15)*(-51)/f?
7
Suppose -5*q + 70 = -3*q. Suppose q - 10 = 5*g. Suppose 3*c - g*c + 2 = 0. What is the units digit of c?
1
Let m(p) = -p**3 + 9*p**2 - 5*p + 9. What is the units digit of m(7)?
2
Suppose 0 = 2*y + 2*y + 24. Let t(w) = 3*w + 4. Let j be t(5). Let a = j + y. What is the units digit of a?
3
Let u = 76 + -50. What is the tens digit of u?
2
Let r(q) be the second derivative of q**5/20 - 3*q**4/4 + 2*q**2 + q. Let a be r(9). What is the units digit of 2/((-7)/((-14)/a))?
1
What is the hundreds digit of 32/3*180/5?
3
Let o = -6 - -6. Suppose h - 2*m - 20 = o, -2*m = 3*h - m - 25. What is the tens digit of h?
1
Suppose 5*x - 11 = -2*u, -u = u - 4*x - 20. What is the units digit of u?
8
Let t(z) be the third derivative of z**6/72 - z**5/120 - z**4/6 + 3*z**2. Let y(j) be the second derivative of t(j). What is the units digit of y(2)?
9
Let y(p) = p - 1. Let h(r) = 5*r - 8. Let q(i) = h(i) - 4*y(i). Let k be q(7). What is the units digit of (2/k)/((-6)/(-27))?
3
What is the units digit of 12*4*172/64?
9
Let h(z) be the f